{"id":71,"date":"2017-12-25T15:58:49","date_gmt":"2017-12-25T15:58:49","guid":{"rendered":"http:\/\/test.ofv-aich.de\/?page_id=71"},"modified":"2017-12-28T09:57:15","modified_gmt":"2017-12-28T08:57:15","slug":"landschaftspflege","status":"publish","type":"page","link":"https:\/\/www.ofv-aich.de\/?page_id=71","title":{"rendered":"Landschaftspflege"},"content":{"rendered":"<p style=\"text-align: left;\"><em><strong>Herzlich Willkommen in der Sparte Landschaftspflege<\/strong><\/em><\/p>\n<p><img decoding=\"async\" loading=\"lazy\" class=\"size-medium wp-image-87 alignleft\" src=\"http:\/\/test.ofv-aich.de\/wp-content\/uploads\/2017\/12\/landschaftspflege-300x228.jpg\" alt=\"\" width=\"300\" height=\"228\" srcset=\"https:\/\/www.ofv-aich.de\/wp-content\/uploads\/2017\/12\/landschaftspflege-300x228.jpg 300w, https:\/\/www.ofv-aich.de\/wp-content\/uploads\/2017\/12\/landschaftspflege.jpg 600w\" sizes=\"(max-width: 300px) 100vw, 300px\" \/><\/p>\n<p>Die Sparte Landschaftspflege vertritt bei uns im Verein den fr\u00fcheren Versch\u00f6nerungsverein Aich. Aus diesem Verein ist im Jahr 1980 der Ortsf\u00f6rderverein Aich entstanden.<!--more--><\/p>\n<p>Ihre Hauptaufgabe ist die Dorfversch\u00f6nerung und Unterhaltung der Kinderspielpl\u00e4tze, Ruheb\u00e4nke in der Umgebung und Teilnahme beim Wettbewerb \u201eUnser Dorf soll sch\u00f6ner werden\u201c.<\/p>\n<p>&nbsp;<\/p>\n<p><strong>Unterhaltung der Kinderspielpl\u00e4tze<\/strong> Aich und Hilling<\/p>\n<p>Viele ehrenamtliche Stunden fallen im Bereich des Vereinsgel\u00e4ndes,<\/p>\n<p>den Spielpl\u00e4tzen in Aich und Hilling an. Es m\u00fcssen die Spielger\u00e4te unterhalten und gestrichen, der Rasen gem\u00e4ht, die Str\u00e4ucher geschnitten und auf Sauberkeit geachtet werden.<\/p>\n<p>In der\u00a0 Umgebung von\u00a0 Aich und Hilling wurden 25 Ruheb\u00e4nke f\u00fcr Wanderer und Spazierg\u00e4nger aufgestellt. Sie m\u00fcssen j\u00e4hrlich instand gesetzt und gepflegt werden.<\/p>\n<p>Dazu sind Paten gesucht worden, die sich bereit erkl\u00e4ren sich um die Bank und den Aufstellplatz k\u00fcmmern.<\/p>\n<p>Sollte jemand Lust haben da mit zu machen: <strong>Es werden noch Paten f\u00fcr unsere B\u00e4nke gesucht!!<\/strong><\/p>\n<p>Rasen m\u00e4hen \u00fcbernehmen in Aich und in Hilling V\u00e4ter der \u201eBenutzer\u201c der Spielpl\u00e4tze. Den Rasenm\u00e4her stellt der Ortsf\u00f6rderverein Aich.<\/p>\n<p><strong>Aktion H\u00e4ckseln<\/strong><\/p>\n<p>Die Sparte organisiert f\u00fcr die B\u00fcrger von Aich und Hilling den kostenlosen Abtransport von Baum- und Str\u00e4ucherschnitt. Selbstverst\u00e4ndlich kann das H\u00e4ckselgut bei Bedarf auch vor Ort verbleiben. Die Resonanz wird jedes Jahr gr\u00f6\u00dfer;in diesem Jahr wurde bei 34 Haushalten das Schnittgut abgeholt.<\/p>\n","protected":false},"excerpt":{"rendered":"<p>Herzlich Willkommen in der Sparte Landschaftspflege Die Sparte Landschaftspflege vertritt bei uns im Verein den fr\u00fcheren Versch\u00f6nerungsverein Aich. Aus diesem Verein ist im Jahr 1980 der Ortsf\u00f6rderverein Aich entstanden.<\/p>\n","protected":false},"author":1,"featured_media":87,"parent":0,"menu_order":0,"comment_status":"closed","ping_status":"closed","template":"","meta":{"footnotes":""},"_links":{"self":[{"href":"https:\/\/www.ofv-aich.de\/index.php?rest_route=\/wp\/v2\/pages\/71"}],"collection":[{"href":"https:\/\/www.ofv-aich.de\/index.php?rest_route=\/wp\/v2\/pages"}],"about":[{"href":"https:\/\/www.ofv-aich.de\/index.php?rest_route=\/wp\/v2\/types\/page"}],"author":[{"embeddable":true,"href":"https:\/\/www.ofv-aich.de\/index.php?rest_route=\/wp\/v2\/users\/1"}],"replies":[{"embeddable":true,"href":"https:\/\/www.ofv-aich.de\/index.php?rest_route=%2Fwp%2Fv2%2Fcomments&post=71"}],"version-history":[{"count":7,"href":"https:\/\/www.ofv-aich.de\/index.php?rest_route=\/wp\/v2\/pages\/71\/revisions"}],"predecessor-version":[{"id":207,"href":"https:\/\/www.ofv-aich.de\/index.php?rest_route=\/wp\/v2\/pages\/71\/revisions\/207"}],"wp:featuredmedia":[{"embeddable":true,"href":"https:\/\/www.ofv-aich.de\/index.php?rest_route=\/wp\/v2\/media\/87"}],"wp:attachment":[{"href":"https:\/\/www.ofv-aich.de\/index.php?rest_route=%2Fwp%2Fv2%2Fmedia&parent=71"}],"curies":[{"name":"wp","href":"https:\/\/api.w.org\/{rel}","templated":true}]}}